341 - 5?
335
In base 9, what is 1 + -14?
-13
In base 2, what is -101011111 - 0?
-101011111
In base 6, what is -24 - -5?
-15
In base 5, what is 4413 - 4?
4404
In base 14, what is -37 + -2?
-39
In base 6, what is 1152 + 3?
1155
In base 15, what is -2 - ec?
-ee
In base 4, what is -2302 - 23?
-2331
In base 14, what is 359 + -5?
354
In base 2, what is 1111010100 + 10?
1111010110
In base 13, what is 4 - -27?
2b
In base 9, what is -40 + 1?
-38
In base 11, what is -3295 - 0?
-3295
In base 8, what is -1454 - 3?
-1457
In base 2, what is 1011000 + 1000?
1100000
In base 7, what is 1263 + -5?
1255
In base 13, what is -4 + -133?
-137
In base 4, what is 123021 - -11?
123032
In base 2, what is 11100 + 1110001?
10001101
In base 16, what is 34e - 2?
34c
In base 6, what is 0 - -125?
125
In base 10, what is 4 + 379?
383
In base 9, what is 134 - -2?
136
In base 3, what is 21112 - -2121?
101010
In base 9, what is 2 + 803?
805
In base 10, what is -255 + 8?
-247
In base 11, what is 44 + 1?
45
In base 3, what is 2 - -211?
220
In base 2, what is -100 + 1011101?
1011001
In base 5, what is 1 + -422?
-421
In base 15, what is -d - 1d?
-2b
In base 16, what is 9f - 10?
8f
In base 9, what is 21 + -1213?
-1182
In base 7, what is 336 - 4?
332
In base 11, what is -9 + -172?
-180
In base 14, what is -5d - 1a?
-79
In base 14, what is 10 + -26?
-16
In base 6, what is 44 - -1?
45
In base 11, what is -a87 - 15?
-aa1
In base 13, what is -60 - 1?
-61
In base 10, what is -6 - 24?
-30
In base 12, what is -4 - -132?
12a
In base 11, what is -83 - -6?
-78
In base 16, what is 4 - 11e?
-11a
In base 2, what is 10100110 + 10?
10101000
In base 8, what is -22 - -167?
145
In base 9, what is 15 - -70?
85
In base 5, what is -4021 - -4?
-4012
In base 2, what is -100 - -100011?
11111
In base 8, what is -15233 + -5?
-15240
In base 15, what is -b2 + 2?
-b0
In base 4, what is -30303 + -11?
-30320
In base 2, what is -1100101 - 100111?
-10001100
In base 5, what is -14 - 20?
-34
In base 12, what is -11 + 355?
344
In base 12, what is -3 - 1519?
-1520
In base 13, what is 86 - 1b2?
-129
In base 12, what is -805 - -3?
-802
In base 12, what is -7 - -33?
28
In base 10, what is -381 + 5?
-376
In base 4, what is 1 + -133?
-132
In base 4, what is 3102 - -22?
3130
In base 4, what is -31 - 13202?
-13233
In base 11, what is 4 - 2388?
-2384
In base 5, what is 1011 + 3?
1014
In base 11, what is -4 + -93?
-97
In base 6, what is -32114 - 4?
-32122
In base 14, what is 26 + 4?
2a
In base 6, what is -14 + 152?
134
In base 6, what is 13042 + 2?
13044
In base 5, what is 10424 - 0?
10424
In base 4, what is 11 - 3333?
-3322
In base 8, what is 4726 + 2?
4730
In base 11, what is 1a + -26?
-7
In base 11, what is 3 - -25?
28
In base 7, what is 5503 - -2?
5505
In base 7, what is 304 + -1?
303
In base 2, what is -10010011 - -11?
-10010000
In base 5, what is -10 + -200?
-210
In base 15, what is -e4d + 0?
-e4d
In base 2, what is 10001101 - -10100?
10100001
In base 11, what is 12 - 15?
-3
In base 5, what is 1 - -10?
11
In base 2, what is -101 + -10110011010?
-10110011111
In base 16, what is -10 - 14?
-24
In base 15, what is -7 + 2?
-5
In base 7, what is -6243 - 4?
-6250
In base 3, what is 100 + -210022?
-202222
In base 10, what is -5 - 2218?
-2223
In base 11, what is -46 + -220?
-266
In base 14, what is -4 - 4ab?
-4b1
In base 16, what is -7 - -f?
8
In base 8, what is -13 + 1030?
1015
In base 10, what is 554 - -11?
565
In base 16, what is 40 + 2?
42
In base 9, what is 80 + 14?
104
In base 14, what is -1b6a + 2?
-1b68
In base 10, what is -26 + 13?
-13
In base 8, what is 2 + -503?
-501
In base 11, what is 255 + -2?
253
In base 13, what is -c - -9c?
90
In base 3, what is -1212 - 11120?
-20102
In base 9, what is -1018 + -2?
-1021
In base 14, what is -39 + -1?
-3a
In base 15, what is -437 - -1?
-436
In base 2, what is -1101111011 + -1?
-1101111100
In base 4, what is -1 + -300?
-301
In base 14, what is -43 + 3?
-40
In base 14, what is -b4 + 8?
-aa
In base 2, what is 111110 - 1101?
110001
In base 12, what is -11 + 328?
317
In base 12, what is -a6 + -b9?
-1a3
In base 14, what is 328 + -7?
321
In base 5, what is -4 - -133?
124
In base 16, what is cc + 3?
cf
In base 14, what is 0 - 615?
-615
In base 9, what is 224 + 3?
227
In base 5, what is -42424 - 0?
-42424
In base 5, what is -3202 + -3?
-3210
In base 14, what is 1 - 10c?
-10b
In base 9, what is 51 - 12?
38
In base 8, what is -36 - -12?
-24
In base 8, what is 355 + 4?
361
In base 3, what is 0 + -12?
-12
In base 11, what is -8 + -181?
-189
In base 9, what is -33404 + -5?
-33410
In base 14, what is 3 + 2533?
2536
In base 11, what is 10 - -2a3?
303
In base 9, what is 3782 + -4?
3777
In base 3, what is 10 - -10022?
10102
In base 7, what is -3 + 11156?
11153
In base 12, what is -4 - 742?
-746
In base 3, what is 101 - -101210?
102011
In base 6, what is 25 + 10?
35
In base 3, what is 22202 + -22?
22110
In base 13, what is 5 + -b4?
-ac
In base 16, what is -5 - -57?
52
In base 9, what is 7 - 46?
-38
In base 10, what is 3194 - 3?
3191
In base 9, what is -2 + -143?
-145
In base 15, what is 0 - 159?
-159
In base 6, what is 5332 - 5?
5323
In base 9, what is 3 + 65?
68
In base 13, what is -539 - 3?
-53c
In base 6, what is 41 + 2?
43
In base 10, what is -226 + -30?
-256
In base 4, what is 11 - -22?
33
In base 13, what is -1 + 146?
145
In base 11, what is -5 - -41?
37
In base 11, what is -78 - 1?
-79
In base 13, what is -c8 + -5?
-100
In base 8, what is -1 + 6?
5
In base 6, what is -12544 - -2?
-12542
In base 16, what is -13e - -3?
-13b
In base 7, what is -335 - -3?
-332
In base 5, what is 10 - -141?
201
In base 6, what is -3 - -1014?
1011
In base 15, what is 9a - -3?
9d
In base 4, what is -2323 - -12?
-2311
In base 2, what is 101 + -1111100001?
-1111011100
In base 3, what is -2 - 2100?
-2102
In base 6, what is 4 - 1301?
-1253
In base 15, what is -62 + -2?
-64
In base 5, what is 2 - 111?
-104
In base 9, what is -16 - 13?
-30
In base 11, what is 3 - 257?
-254
In base 13, what is 270 - 7?
266
In base 15, what is -4 + 1673?
166e
In base 10, what is -436 + 3?
-433
In base 9, what is 350 + 17?
367
In base 15, what is 1299 + 1?
129a
In base 4, what is 12 - 1200000?
-1133322
In base 5, what is -234 + 2?
-232
In base 6, what is 1 - 53001?
-53000
In base 14, what is -ab7 - 2?
-ab9
In base 10, what is 4 + -51?
-47
In base 2, what is 1100 + 101?
10001
In base 16, what is 5 - 15?
-10
In base 6, what is -30 - 5?
-35
In base 5, what is -4 + 3034?
3030
In base 5, what is 43 - -31?
124
In base 3, what is 10011 - 2?
10002
In base 15, what is -5c0 - -5?
-5ba
In base 10, what is -1053 + -5?
-1058
In base 11, what is -421 - -6?
-416
In base 10, what is 32 - 17?
15
In base 6, what is 344 + 5?
353
In base 16, what is -14b + 4?
-147
In base 8, what is -554 + -5?
-561
In base 5, what is -241 - -22?
-214
In base 3, what is -21011 - 2222?
-101010
In base 2, what is -1000111 - 11110000?
-100110111
In base 9, what is 567 - 1?
566
In base 8, what is 36751 - -5?
36756
In base 5, what is 42 + -112?
-20
In base 16, what is -5c - 1a?
-76
In base 8, what is 1 + 1306?
1307
In base 6, what is 1312 - -11?
1323
In base 2, what is 101 - 101111000?
-101110011
In base 13, what is 1 - -185?
186
In base 4, what is 2301 + 320?
3221
In base 10, what is -16 + -35?
-51
In base 11, what is 1 + -8a5?
-8a4
In base 5, what is -123 + -2?
-130
In base 14, what is 2 - 244?
-242
In base 5, what is 0 - 32134?
-32134
In base 14, what is -2 + dd?
db
In base 8, what is -355 - -7?
-346
In base 7, what is -2406 + -1?
-2410
In base 8, what is 3 + -615?
-612
In base 14, what is -1ac + 0?
-1ac
In base 16, what is -5 + -439?
-43e
In base 3, what is -22020210 + 11?
-22020122
In base 12, what is b1 - 3?
aa
In base 11, what is -389 - -6?
-383
In base 10, what is 2117 - 5?
2112
In base 12, what is -5 - -3?
-2
In base 14, what is -6ab + 2?
-6a9
In base 15, what is 10 + -13?
-3
In base 16, what is 5 + 442?
447
In base 14, what is 46 + 4?
4a
In base 4, what is 3 + 30?
33
In base 16, what is -665 - 0?
-665
In base 5, what is -143 + 0?
-143
In base 2, what is 111 - -10001101010?
10001110001
In base 4, what is 10 + 2002?
2012
In base 16, what is a0bd + -1?
a0bc
In base 16, what is 2 + -a6?
-a4
In base 7, what is 140 - -16?
156
In base 6, what is -2 - 11111?
-11113
In base 8, what 